
Calculate the remainder when 397 is divided by 392.
5
Calculate the remainder when 91 is divided by 20.
11
What is the remainder when 5234 is divided by 131?
125
What is the remainder when 80 is divided by 45?
35
What is the remainder when 29069 is divided by 57?
56
What is the remainder when 58 is divided by 20?
18
What is the remainder when 213 is divided by 15?
3
Calculate the remainder when 28 is divided by 12.
4
Calculate the remainder when 72 is divided by 37.
35
What is the remainder when 6550 is divided by 2181?
7
What is the remainder when 90 is divided by 79?
11
What is the remainder when 710 is divided by 89?
87
Calculate the remainder when 44 is divided by 29.
15
Calculate the remainder when 138 is divided by 61.
16
What is the remainder when 168 is divided by 9?
6
Calculate the remainder when 67 is divided by 15.
7
Calculate the remainder when 1471 is divided by 33.
19
Calculate the remainder when 1284 is divided by 11.
8
Calculate the remainder when 99 is divided by 25.
24
Calculate the remainder when 45 is divided by 7.
3
Calculate the remainder when 457 is divided by 90.
7
Calculate the remainder when 581 is divided by 15.
11
Calculate the remainder when 67 is divided by 23.
21
What is the remainder when 4728 is divided by 249?
246
Calculate the remainder when 146 is divided by 119.
27
What is the remainder when 1797 is divided by 165?
147
What is the remainder when 203 is divided by 48?
11
Calculate the remainder when 1773 is divided by 148.
145
Calculate the remainder when 1504 is divided by 29.
25
Calculate the remainder when 233 is divided by 80.
73
Calculate the remainder when 1336 is divided by 444.
4
Calculate the remainder when 1347 is divided by 15.
12
Calculate the remainder when 218 is divided by 38.
28
Calculate the remainder when 445 is divided by 184.
77
Calculate the remainder when 1045 is divided by 206.
15
Calculate the remainder when 296 is divided by 6.
2
What is the remainder when 31698 is divided by 100?
98
What is the remainder when 3686 is divided by 7?
4
What is the remainder when 1853 is divided by 35?
33
Calculate the remainder when 809 is divided by 61.
16
Calculate the remainder when 297 is divided by 32.
9
Calculate the remainder when 48 is divided by 30.
18
What is the remainder when 1681 is divided by 87?
28
Calculate the remainder when 2778 is divided by 7.
6
What is the remainder when 7891 is divided by 202?
13
Calculate the remainder when 1401 is divided by 18.
15
Calculate the remainder when 804 is divided by 81.
75
What is the remainder when 269 is divided by 15?
14
Calculate the remainder when 108 is divided by 58.
50
What is the remainder when 2917 is divided by 139?
137
Calculate the remainder when 574 is divided by 24.
22
Calculate the remainder when 406 is divided by 10.
6
Calculate the remainder when 1598 is divided by 25.
23
Calculate the remainder when 760 is divided by 251.
7
What is the remainder when 7432 is divided by 42?
40
What is the remainder when 146 is divided by 29?
1
What is the remainder when 125 is divided by 39?
8
Calculate the remainder when 481 is divided by 23.
21
Calculate the remainder when 1293 is divided by 34.
1
Calculate the remainder when 538 is divided by 119.
62
Calculate the remainder when 115 is divided by 29.
28
Calculate the remainder when 3822 is divided by 85.
82
Calculate the remainder when 1828 is divided by 10.
8
What is the remainder when 269 is divided by 5?
4
What is the remainder when 292 is divided by 21?
19
Calculate the remainder when 37291 is divided by 58.
55
What is the remainder when 176 is divided by 54?
14
Calculate the remainder when 2388 is divided by 775.
63
Calculate the remainder when 220 is divided by 207.
13
Calculate the remainder when 171 is divided by 25.
21
What is the remainder when 577 is divided by 193?
191
What is the remainder when 33 is divided by 10?
3
Calculate the remainder when 293 is divided by 152.
141
Calculate the remainder when 163 is divided by 83.
80
What is the remainder when 298 is divided by 25?
23
Calculate the remainder when 245 is divided by 67.
44
Calculate the remainder when 1241 is divided by 96.
89
Calculate the remainder when 92 is divided by 39.
14
Calculate the remainder when 20645 is divided by 16.
5
Calculate the remainder when 568 is divided by 95.
93
Calculate the remainder when 292 is divided by 280.
12
What is the remainder when 936 is divided by 86?
76
Calculate the remainder when 903 is divided by 270.
93
Calculate the remainder when 4100 is divided by 228.
224
Calculate the remainder when 196 is divided by 35.
21
What is the remainder when 5086 is divided by 12?
10
Calculate the remainder when 36 is divided by 22.
14
What is the remainder when 3231 is divided by 15?
6
What is the remainder when 261 is divided by 72?
45
What is the remainder when 70 is divided by 34?
2
Calculate the remainder when 240 is divided by 27.
24
Calculate the remainder when 275 is divided by 139.
136
What is the remainder when 247 is divided by 50?
47
Calculate the remainder when 283 is divided by 15.
13
What is the remainder when 216 is divided by 25?
16
Calculate the remainder when 40417 is divided by 27.
25
What is the remainder when 6599 is divided by 22?
21
Calculate the remainder when 197 is divided by 10.
7
Calculate the remainder when 161 is divided by 54.
53
What is the remainder when 447 is divided by 446?
1
Calculate the remainder when 3572 is divided by 275.
272
What is the remainder when 631 is divided by 13?
7
What is the remainder when 96 is divided by 92?
4
Calculate the remainder when 1167 is divided by 10.
7
Calculate the remainder when 194 is divided by 46.
10
What is the remainder when 74 is divided by 41?
33
What is the remainder when 77 is divided by 41?
36
Calculate the remainder when 356 is divided by 45.
41
Calculate the remainder when 10942 is divided by 72.
70
Calculate the remainder when 168 is divided by 167.
1
What is the remainder when 1523 is divided by 349?
127
Calculate the remainder when 153 is divided by 7.
6
What is the remainder when 588 is divided by 182?
42
What is the remainder when 258 is divided by 26?
24
What is the remainder when 1024 is divided by 129?
121
Calculate the remainder when 189 is divided by 38.
37
Calculate the remainder when 2447 is divided by 18.
17
Calculate the remainder when 3195 is divided by 34.
33
What is the remainder when 9175 is divided by 21?
19
Calculate the remainder when 733 is divided by 15.
13
Calculate the remainder when 167 is divided by 24.
23
What is the remainder when 42 is divided by 23?
19
What is the remainder when 234 is divided by 17?
13
What is the remainder when 6254 is divided by 23?
21
Calculate the remainder when 104 is divided by 33.
5
Calculate the remainder when 59 is divided by 53.
6
What is the remainder when 772 is divided by 31?
28
What is the remainder when 2 is divided by 1?
0
Calculate the remainder when 221 is divided by 109.
3
What is the remainder when 492 is divided by 71?
66
What is the remainder when 669 is divided by 113?
104
What is the remainder when 69 is divided by 14?
13
Calculate the remainder when 705 is divided by 6.
3
What is the remainder when 428 is divided by 17?
3
Calculate the remainder when 450 is divided by 31.
16
What is the remainder when 99 is divided by 62?
37
Calculate the remainder when 130 is divided by 71.
59
What is the remainder when 305 is divided by 110?
85
What is the remainder when 531 is divided by 67?
62
Calculate the remainder when 69 is divided by 9.
6
What is the remainder when 630 is divided by 33?
3
Calculate the remainder when 30 is divided by 10.
0
Calculate the remainder when 320 is divided by 40.
0
What is the remainder when 21073 is divided by 479?
476
What is the remainder when 18505 is divided by 93?
91
What is the remainder when 607 is divided by 49?
19
What is the remainder when 41 is divided by 23?
18
What is the remainder when 563 is divided by 552?
11
Calculate the remainder when 1245 is divided by 39.
36
Calculate the remainder when 40 is divided by 15.
10
What is the remainder when 220 is divided by 55?
0
What is the remainder when 611 is divided by 90?
71
What is the remainder when 20718 is divided by 140?
138
What is the remainder when 1039 is divid